{"id":11,"date":"2015-12-24T13:28:07","date_gmt":"2015-12-24T13:28:07","guid":{"rendered":"http:\/\/tierarztpraxis-boehme.de\/?page_id=11"},"modified":"2026-02-26T15:03:32","modified_gmt":"2026-02-26T14:03:32","slug":"dienstleistungen","status":"publish","type":"page","link":"https:\/\/tierarztpraxis-kaulsdorf-sued.de\/?page_id=11","title":{"rendered":"Dienstleistungen"},"content":{"rendered":"<p><span style=\"color: #333399;\"><strong><u>Allgemeine Behandlung<\/u><\/strong><\/span><\/p>\n<ul>\n<li><span style=\"color: #000080;\">J\u00e4hrlicher Gesundheits-Check-Up incl. prophylaktischer Impfungen nach Erfordernis<\/span><\/li>\n<li><span style=\"color: #000080;\">autorisierte Ausstellung des neuen EU-Reisepasses f\u00fcr Hunde, Katzen und Frettchen<\/span><\/li>\n<li><span style=\"color: #000080;\">Einsetzen von Mikrochips zur Tierkennzeichnung (Pflicht f\u00fcr \u201eAuslandsreisen\u201c, f\u00fcr alle Berliner Hunde und &#8222;Freig\u00e4nger&#8220;-Katzen)<\/span><\/li>\n<li><span style=\"color: #000080;\">Impferinnerung auf Wunsch (per E-Mail)<\/span><\/li>\n<li><span style=\"color: #000080;\">Alters \u2013 Check \u2013 Up (mit Geriatrie-Blutbild und Blutdruckmessung direkt in der Praxis)<\/span><\/li>\n<li><span style=\"color: #000080;\">medizinische Fellpflege, Krallen schneiden<\/span><\/li>\n<li><span style=\"color: #000080;\">Zahnkorrektur bei Nagern<br \/>\n<\/span><\/li>\n<li><span style=\"color: #000080;\">Allergiediagnostik, Desensibilisierung, Allergiemanagment<\/span><\/li>\n<li><span style=\"color: #000080;\">Ern\u00e4hrungsberatung; Di\u00e4tfuttermittel (z.B. f\u00fcr Diabetiker, Nierenkranke, \u00dcbergewichtige; multimorbide Tiere)<\/span><\/li>\n<li><span style=\"color: #000080;\">Beratung in Verhaltensfragen<\/span><\/li>\n<li><span style=\"color: #000080;\">Anwendung hom\u00f6opathischer Therapien<\/span><\/li>\n<li><span style=\"color: #000080;\">Endo- und Ektoparasitenbehandlung<\/span><\/li>\n<\/ul>\n<p><span style=\"color: #339966;\"><strong><u>Spezielle Untersuchungen<\/u><\/strong><\/span><\/p>\n<ul>\n<li><span style=\"color: #339966;\">Digitales R\u00f6ntgen<\/span><\/li>\n<li><span style=\"color: #339966;\">Ultraschalluntersuchung (Abdomen\/Herz)<br \/>\n<\/span><\/li>\n<li><span style=\"color: #339966;\">Blutdruckmessung<\/span><\/li>\n<li><span style=\"color: #339966;\">EKG<\/span><\/li>\n<li><span style=\"color: #339966;\">Augendruckmessung mit Tonometer <\/span><\/li>\n<li><span style=\"color: #339966;\">Blutuntersuchung im eigenen Praxislabor ( Blutergebnisse innerhalb von 20-30Minuten)<\/span><\/li>\n<\/ul>\n<p><span style=\"color: #008080;\"><strong><u>Operationen (Termine erforderlich!)<br \/>\n<\/u><\/strong><\/span><\/p>\n<ul>\n<li><span style=\"color: #008080;\">Zahnpflege \/ Zahnsteinentfernung in Narkose mittels Ultraschall<\/span><\/li>\n<li><span style=\"color: #008080;\">kleine Weichteil- und Bauchchirurgie (wie Wundversorgung, Kastrationen K\u00e4tzinnen, Kater, H\u00fcndinnen, R\u00fcden usw.)<\/span><\/li>\n<li><span style=\"color: #008080;\">spezielle Chirurgie als \u00dcberweisung zu weiteren Spezialisten (z.B. f\u00fcr CT \/ MRT; Bandscheiben-OPs; H\u00fcftgelenk-TEP, Kreuzband-OP usw.)<\/span><\/li>\n<li><span style=\"color: #008080;\"><strong>vor der Kastration von H\u00fcndinnen und R\u00fcden ist ein Vorgespr\u00e4ch zwingend notwendig.<\/strong><\/span><\/li>\n<li><span style=\"color: #008080;\">bei Operationen Monitoring (EKG, Blutdruck, Sauerstoffs\u00e4ttigung, K\u00f6rpertemperatur)<\/span><\/li>\n<li><span style=\"color: #008080;\">Inhalationsnarkose<\/span><\/li>\n<\/ul>\n<p><span style=\"color: #548754;\"><strong><u>Labor<\/u><\/strong><\/span><\/p>\n<ul>\n<li><span style=\"color: #339966;\">Parasitologische und Mykologische Untersuchungen in der Praxis (z.B. Kotproben und Giardien-Test, Haar- und Hautproben)<\/span><\/li>\n<li><span style=\"color: #339966;\">Urinschnelltest, Harnsedimentuntersuchung; Refraktometer; U-P\/C<br \/>\n<\/span><\/li>\n<li><span style=\"color: #339966;\">Blutzuckermessung<\/span><\/li>\n<li><span style=\"color: #339966;\">Schnelltest Katzenleukose- und <strong>F<\/strong>eline-<strong>i<\/strong>nfekti\u00f6se-<strong>P<\/strong>eritonitis<\/span><\/li>\n<li><span style=\"color: #339966;\">Durchf\u00fchrung allergologischer Untersuchungen f\u00fcr evtl. Hyposensibilisierung \/ ASIT<\/span><\/li>\n<li><span style=\"color: #339966;\">Blutuntersuchungen im hauseigenen Labor (Altersprofil, Schilddr\u00fcse, Leber\/Niere, Blutbild)<\/span><\/li>\n<li><span style=\"color: #339966;\">Blutuntersuchungen im Speziallabor (Ergebnisse liegen i. d. R. bereits am n\u00e4chsten Morgen vor)<\/span><\/li>\n<li><span style=\"color: #339966;\">pathologische Diagnostik in Zusammenarbeit mit dem Institut f\u00fcr Tierpathologie<\/span><\/li>\n<li><span style=\"color: #339966;\">auf Grund der neuesten gesetzlichen Regelungen zum kontrollierten Antibiotika-Einsatz, Anfertigung von \u201eResistenztests\/ Antibiogramme\u201c f\u00fcr festgelegte Wirkstoffe in der Praxis<\/span><\/li>\n<\/ul>\n<p>&nbsp;<\/p>\n<blockquote>\n<h4 style=\"text-align: center;\"><em><span style=\"color: #000000;\">Wie alle niedergelassenen Tier\u00e4rzte sind auch wir verpflichtet, die Mindests\u00e4tze der &#8222;Geb\u00fchrenordnung f\u00fcr Tier\u00e4rzte\/GOT&#8220; nicht zu unterschreiten.&nbsp;<\/span><\/em><\/h4>\n<\/blockquote>\n","protected":false},"excerpt":{"rendered":"<p>Allgemeine Behandlung J\u00e4hrlicher Gesundheits-Check-Up incl. prophylaktischer Impfungen nach Erfordernis autorisierte Ausstellung des neuen EU-Reisepasses f\u00fcr Hunde, Katzen und Frettchen Einsetzen von Mikrochips zur Tierkennzeichnung (Pflicht f\u00fcr \u201eAuslandsreisen\u201c, f\u00fcr alle Berliner Hunde und &#8222;Freig\u00e4nger&#8220;-Katzen) Impferinnerung auf Wunsch (per E-Mail) Alters \u2013 Check \u2013 Up (mit Geriatrie-Blutbild und Blutdruckmessung direkt in der Praxis) medizinische Fellpflege, Krallen schneiden &hellip;<\/p>\n","protected":false},"author":1,"featured_media":0,"parent":0,"menu_order":0,"comment_status":"closed","ping_status":"closed","template":"","meta":{"ngg_post_thumbnail":0,"footnotes":""},"class_list":["post-11","page","type-page","status-publish","hentry"],"_links":{"self":[{"href":"https:\/\/tierarztpraxis-kaulsdorf-sued.de\/index.php?rest_route=\/wp\/v2\/pages\/11","targetHints":{"allow":["GET"]}}],"collection":[{"href":"https:\/\/tierarztpraxis-kaulsdorf-sued.de\/index.php?rest_route=\/wp\/v2\/pages"}],"about":[{"href":"https:\/\/tierarztpraxis-kaulsdorf-sued.de\/index.php?rest_route=\/wp\/v2\/types\/page"}],"author":[{"embeddable":true,"href":"https:\/\/tierarztpraxis-kaulsdorf-sued.de\/index.php?rest_route=\/wp\/v2\/users\/1"}],"replies":[{"embeddable":true,"href":"https:\/\/tierarztpraxis-kaulsdorf-sued.de\/index.php?rest_route=%2Fwp%2Fv2%2Fcomments&post=11"}],"version-history":[{"count":27,"href":"https:\/\/tierarztpraxis-kaulsdorf-sued.de\/index.php?rest_route=\/wp\/v2\/pages\/11\/revisions"}],"predecessor-version":[{"id":901,"href":"https:\/\/tierarztpraxis-kaulsdorf-sued.de\/index.php?rest_route=\/wp\/v2\/pages\/11\/revisions\/901"}],"wp:attachment":[{"href":"https:\/\/tierarztpraxis-kaulsdorf-sued.de\/index.php?rest_route=%2Fwp%2Fv2%2Fmedia&parent=11"}],"curies":[{"name":"wp","href":"https:\/\/api.w.org\/{rel}","templated":true}]}}