{"id":13,"date":"2015-12-24T13:28:44","date_gmt":"2015-12-24T13:28:44","guid":{"rendered":"http:\/\/tierarztpraxis-boehme.de\/?page_id=13"},"modified":"2021-08-11T12:32:34","modified_gmt":"2021-08-11T10:32:34","slug":"13-2","status":"publish","type":"page","link":"http:\/\/tierarztpraxis-kaulsdorf-sued.de\/?page_id=13","title":{"rendered":"Impressum"},"content":{"rendered":"<p>Friederike Juraske<\/p>\n<p>praktische Tier\u00e4rztin<\/p>\n<p><strong>Praxisanschrift<\/strong><br \/>\n12621 Berlin<br \/>\nChemnitzer Strasse 211<br \/>\nTel.: 0305666176<br \/>\nFax: 0305666508<br \/>\ne-mail:&nbsp;<a href=\"mailto:roland@boehme.vet\"><span style=\"color: #158a7c;\">juraske@tierarztpraxis-kaulsdorf-sued.de<\/span><\/a><br \/>\nStr.Nr.: 33\/369\/600702<br \/>\nUSt.-IdNR.: DE 326969124<\/p>\n<p><strong>Zur Person<\/strong><\/p>\n<p><strong>Friederike&nbsp;<\/strong><span style=\"font-weight: 600;\">Juraske<\/span><br \/>\ngeb.: 1982 in R\u00fcdersdorf bei Berlin<\/p>\n<p>Studium an der Tier\u00e4rztlichen Hochschule Hannover von 09\/2001 &#8211; 03\/2007<\/p>\n<p>Approbation als Tier\u00e4rztin: 14. 03. 2007<\/p>\n<p>danach Arbeit in Gro\u00df-und Kleintierpraxen in Mecklenburg-Vorpommern sowie in Brandenburg.<\/p>\n<p>vom 01. April 2016 bis 31.12.2019 festangestellte Tier\u00e4rztin in der Kleintierpraxis von Dr. Roland B\u00f6hme. Seit 01.01.2020 Praxisinhaberin.<\/p>\n<p><strong>Zust\u00e4ndige Kammer<\/strong><br \/>\nTier\u00e4rztekammer Berlin, K\u00f6rperschaft des \u00d6ffentlichen Rechtes<br \/>\nLittenstr. 108; 10179 Berlin Telefon: 030 3121875<\/p>\n<p>Es gelten die Berufsordnung der Landestier\u00e4rztekammer von Berlin und die<\/p>\n<p>Bundes-Tier\u00e4rzteordnung i.d.F. der Bekanntmachung v. 20.Nov. 1981 (BGBL.I S.1993) zuletzt ge\u00e4ndert durch die VO v. 11.12.2007 (BGBL.I S. 2882) sowie die<\/p>\n<p>Geb\u00fchrenordnung f\u00fcr Tier\u00e4rzte (GOT) v. 28. Juli 1999 mit den Geb\u00fchrens\u00e4tzen nach der 2. Verordnung zur \u00c4nderung der GOT v. 30. Juni 2008 sowie der Erh\u00f6hung der Geb\u00fchren per Juli 2017 um 12 %.<\/p>\n<p>Die Bezahlung der angestellten Mitarbeiter erfolgt grunds\u00e4tzlich nicht unter Tarif.<\/p>\n<p>F\u00fcr den Inhalt dieser Homepage ist ausschlie\u00dflich Frau Tier\u00e4rztin Juraske verantwortlich.<\/p>\n","protected":false},"excerpt":{"rendered":"<p>Friederike Juraske praktische Tier\u00e4rztin Praxisanschrift 12621 Berlin Chemnitzer Strasse 211 Tel.: 0305666176 Fax: 0305666508 e-mail:&nbsp;juraske@tierarztpraxis-kaulsdorf-sued.de Str.Nr.: 33\/369\/600702 USt.-IdNR.: DE 326969124 Zur Person Friederike&nbsp;Juraske geb.: 1982 in R\u00fcdersdorf bei Berlin Studium an der Tier\u00e4rztlichen Hochschule Hannover von 09\/2001 &#8211; 03\/2007 Approbation als Tier\u00e4rztin: 14. 03. 2007 danach Arbeit in Gro\u00df-und Kleintierpraxen in Mecklenburg-Vorpommern sowie in Brandenburg. &hellip;<\/p>\n","protected":false},"author":1,"featured_media":0,"parent":0,"menu_order":0,"comment_status":"closed","ping_status":"closed","template":"","meta":{"ngg_post_thumbnail":0,"footnotes":""},"class_list":["post-13","page","type-page","status-publish","hentry"],"_links":{"self":[{"href":"http:\/\/tierarztpraxis-kaulsdorf-sued.de\/index.php?rest_route=\/wp\/v2\/pages\/13","targetHints":{"allow":["GET"]}}],"collection":[{"href":"http:\/\/tierarztpraxis-kaulsdorf-sued.de\/index.php?rest_route=\/wp\/v2\/pages"}],"about":[{"href":"http:\/\/tierarztpraxis-kaulsdorf-sued.de\/index.php?rest_route=\/wp\/v2\/types\/page"}],"author":[{"embeddable":true,"href":"http:\/\/tierarztpraxis-kaulsdorf-sued.de\/index.php?rest_route=\/wp\/v2\/users\/1"}],"replies":[{"embeddable":true,"href":"http:\/\/tierarztpraxis-kaulsdorf-sued.de\/index.php?rest_route=%2Fwp%2Fv2%2Fcomments&post=13"}],"version-history":[{"count":11,"href":"http:\/\/tierarztpraxis-kaulsdorf-sued.de\/index.php?rest_route=\/wp\/v2\/pages\/13\/revisions"}],"predecessor-version":[{"id":538,"href":"http:\/\/tierarztpraxis-kaulsdorf-sued.de\/index.php?rest_route=\/wp\/v2\/pages\/13\/revisions\/538"}],"wp:attachment":[{"href":"http:\/\/tierarztpraxis-kaulsdorf-sued.de\/index.php?rest_route=%2Fwp%2Fv2%2Fmedia&parent=13"}],"curies":[{"name":"wp","href":"https:\/\/api.w.org\/{rel}","templated":true}]}}